 + 3*u. List the prime factors of b(i).
3, 7
Let w = -297 - -618. Suppose 2*v - 4*r = w + 157, 5*r = -2*v + 442. List the prime factors of v.
3, 7, 11
Let h(w) = -w**3 + 5*w**2 + 21*w + 20. What are the prime factors of h(-13)?
2789
Suppose 59825 = 30*c - 1315. What are the prime factors of c?
2, 1019
Let m(p) = -p**2 + 6*p - 4. Let k be m(2). Suppose -1269 = -k*i + 3*x, 2*i + 5*x + 393 = 1008. List the prime factors of i.
3, 5, 7
Let t = -54 - -54. Suppose t*z + 210 = 3*z - 5*a, 3*z = -5*a + 240. List the prime factors of z.
3, 5
Suppose -17*o = 391 - 5967. What are the prime factors of o?
2, 41
Let a(g) = 6*g**2 - 95*g + 6. List the prime factors of a(24).
2, 3, 197
Let t(q) = -q + 2. Let u be t(-3). Suppose -504 = -c - u*c. List the prime factors of c.
2, 3, 7
Let j be 9 - -4*2/4. Let l(n) be the first derivative of n**4/4 - 11*n**3/3 + 3*n**2 - 2*n + 16. List the prime factors of l(j).
2
Suppose 0 = -4*j + 16, j = -3*p - 3*j + 1828. What are the prime factors of p?
2, 151
Let s be 3748/26 + -2 + (-16)/104. Let k = s - -87. What are the prime factors of k?
229
Suppose 4*x - k = 2*k + 1195, 3*k - 575 = -2*x. What are the prime factors of x?
5, 59
What are the prime factors of (8 + (-7)/7*1)*439?
7, 439
Let r = -110 + 201. Suppose r = 35*c - 34*c. List the prime factors of c.
7, 13
Suppose 7*o + 41 = 6*o. Let r = o + 131. What are the prime factors of r?
2, 3, 5
Let p(x) = 3*x + 29. Let b be p(-10). List the prime factors of b/(-2) - (-55)/2 - -2.
2, 3, 5
Let s(p) = p**3 - p**2 - p - 2. Let n be s(0). What are the prime factors of 198/4 + n/(-4)?
2, 5
What are the prime factors of ((-5520)/1)/(-3) + (-18 - -16)?
2, 919
Suppose -5*g = -5, 6*g + 558 = 2*c + 2*g. What are the prime factors of c?
281
Suppose -5*j + 5*q + 35 = 0, -3*j + 4*q = 12 - 38. List the prime factors of (-8)/(0 - j) - (-145 - -1).
2, 37
Let f be ((-1022)/(-35))/((-3)/15). Let l = -32 - f. Suppose 0 = -2*k - 28 + l. List the prime factors of k.
43
Let v(t) = t - 5. Let l be v(7). Let b(g) = 5*g**2 - 5*g + 5. Let d be b(l). Suppose d*j - 10*j = 80. List the prime factors of j.
2
Let d = -10 - -12. Suppose -d*q - 4*u + 86 = 0, 3*u + 17 = 3*q - 85. What are the prime factors of q?
37
Let s(i) be the first derivative of 5*i**4/2 - i**3 + i**2 + i - 13. List the prime factors of s(2).
73
Suppose 2*k - 4*k = -4. Suppose 32 - 36 = -k*r. List the prime factors of r.
2
Let k(w) = 108*w**3 + 2*w**2 + w - 2. Suppose 0 = -v + 4 - 3. What are the prime factors of k(v)?
109
Let c = 456 - 66. List the prime factors of c.
2, 3, 5, 13
Suppose 0 = -5*l - 5*g + 2610, -88 + 78 = 2*g. List the prime factors of l.
17, 31
Let g be -21 + 0 - 0/5. Let w be ((-18)/7)/((-6)/(-28)). List the prime factors of 7/(g/w) - 2.
2
Let p = -160 + 437. List the prime factors of p.
277
Let i = 52 + -50. Suppose i*q - r = 173, q = 4*r - 0*r + 104. List the prime factors of q.
2, 3, 7
Let b(i) = -i + 6. Let d be b(6). Suppose d*c + 4 = -c. What are the prime factors of ((-36)/c - 0) + 3?
2, 3
Suppose 0 = -3*z + 41 - 14. Let v(t) = 7*t + 5. Let k be v(z). Suppose -4*p + k - 8 = 0. What are the prime factors of p?
3, 5
Let d(b) = b**2 + 20*b + 8. List the prime factors of d(14).
2, 11
Let u = 25 - 52. List the prime factors of (-60)/u + (-4)/18.
2
Let k(z) be the second derivative of -z**4/12 + z**3/6 + 11*z**2/2 - 7*z. Let c be k(0). Suppose -c = r - 2*r. List the prime factors of r.
11
Suppose 152 = 4*b - 4*t, -b - 2*b + 138 = 3*t. Suppose -2*c - b - 28 = 0. List the prime factors of 158/7 - (-20)/c.
2, 11
Let p be (-6)/(-5)*(-20)/3. Let z(f) = 17*f + 21. Let w(k) = 25*k + 32. Let i(v) = p*z(v) + 5*w(v). List the prime factors of i(-7).
3, 23
Suppose -22063 - 14557 = -20*y. What are the prime factors of y?
1831
Let i(l) be the second derivative of 7*l**4/6 + l. Suppose -4*u + 10 = -3*c, -3*u = 3*c - 4*u - 2. What are the prime factors of i(c)?
2, 7
Let v(u) = 28*u**2 + 12*u + 5. List the prime factors of v(4).
3, 167
Suppose 5*u = 3*s - 179 - 1131, 4*u = 5*s - 2205. What are the prime factors of s?
5, 89
Let l = 3280 + -2012. List the prime factors of l.
2, 317
Let b(l) = -l**3 + 7*l**2 - 7*l + 5. Let q be b(6). Let v be 1 - q - (4 - 9). Suppose -3*p = -v*p + 28. List the prime factors of p.
7
Let l = -41 + 23. Let i = l + 110. What are the prime factors of i?
2, 23
Suppose 0*f = f - 2. Let x(u) = -f - 3 + 6 + 11*u. What are the prime factors of x(2)?
23
Let c(s) be the third derivative of -s**4/8 + 4*s**3/3 - 4*s**2. Let z be c(-10). Suppose -2*p + z = -0*p. List the prime factors of p.
19
Let d = 7 + -8. Let r(g) = -74*g + 7. List the prime factors of r(d).
3
Suppose -37*w + 27720 = -4*w. What are the prime factors of w?
2, 3, 5, 7
Suppose 10*w = -u + 14*w + 1136, 5*u + 2*w = 5636. What are the prime factors of u?
2, 3, 47
Suppose -17*c = -7*c - 90. Let k(x) = 3 - x**2 + 0*x**2 - 13 + 16*x. What are the prime factors of k(c)?
53
Suppose 4*b - 3*b = 263. Suppose -r = 4*x - 43, -5*r - 5*x - 18 = -b. Suppose r = m + 8. What are the prime factors of m?
43
Suppose 0 = -d + 4*b + 970, 5*b - 1875 = 7*d - 9*d. What are the prime factors of d?
2, 5, 19
Suppose 47*s - 51*s = -4. List the prime factors of ((-4)/6)/(s/((-354)/4)).
59
Let q(y) = 25*y**2 + 16*y + 12. What are the prime factors of q(-7)?
3, 5
Suppose 4*l + 4*j = 5*l - 3, 0 = 2*l - 3*j - 16. Let i = l + -20. What are the prime factors of (-128)/i - (-6)/(-27)?
2, 7
Let s = 110 + -113. Let i(y) = -3*y**3 + y**2 + 3*y - 1. List the prime factors of i(s).
2, 5
Let g(f) = -10*f + 991. What are the prime factors of g(0)?
991
Suppose -49*x - 197 = -50*x. List the prime factors of x.
197
Suppose 14 = -5*f - 11. Let l be 2/(-4) + f/(-2). Suppose x = 2*r - 51, -r + x + 74 = l*r. List the prime factors of r.
23
Let i be ((-3)/(-6))/(3/24). Suppose -m = -2*m + i. Suppose m*k = -3*o + 22, -2*k + 2 = 5*o - 2. What are the prime factors of k?
7
Let x(d) = -133*d + 179. List the prime factors of x(-2).
5, 89
Suppose -4*i + 1 + 3 = 0. Let o be 59*(-1 - i)/2. Let h = -41 - o. What are the prime factors of h?
2, 3
Let q be (-1 + 3)/((-4)/6). Let r be q/2 + (-35)/(-10). Suppose v - 5 = 0, 5*g - r*v + 0*v - 145 = 0. What are the prime factors of g?
31
Suppose -2*h - 2 = 2*q, -4*q = -3*h + 4*h + 10. Suppose 0 = 3*y - 15, 0 = h*g - 5*y + 14 + 13. What are the prime factors of g - 4/((-8)/46)?
2, 11
Suppose 14 = t + 10. List the prime factors of (-24193)/(-117) - t/(-18) - 1.
2, 103
Suppose -b + 5*q + 7 = 32, 5*b + 3*q = -13. List the prime factors of b + 0 - (2 + -212).
5, 41
Suppose 2*h - 3*h + 13 = 0. Let t = h + -9. List the prime factors of t/(-14) - (-447)/21.
3, 7
Let u be 4 + -1*(-3)/3. Suppose -z + u = -0*z. Let v(k) = -k**2 + 12*k - 6. What are the prime factors of v(z)?
29
Let q be (-66)/14 - 2/7. Let u = q + -2. What are the prime factors of (-256)/(-14) - (-2)/u?
2, 3
Let g = 8 + 0. What are the prime factors of ((-24)/5)/(g/(-20))?
2, 3
Suppose -4*f + 12 = 4*g, -5*g = 2*f - 0*f - 18. Suppose 4*z = g*o + 128, -4*o + 5*z = -2*o + 79. Let y = o - -70. List the prime factors of y.
43
Let m = 116 - 196. Let a = m - -134. List the prime factors of a.
2, 3
Let n be (-2 + 64/14)/(8/224). Suppose -3*b = -4*b + 5. Suppose -n = -b*z - 2. What are the prime factors of z?
2, 7
Let t = 743 - 353. What are the prime factors of t?
2, 3, 5, 13
What are the prime factors of (-9)/54 + (-4125)/(-18)?
229
Suppose 2*t = 4*u - 3826, 0 = 27*u - 24*u + 2*t - 2887. What are the prime factors of u?
7, 137
Let c(j) = -5*j**2 - 2*j - 5. Let i(d) = -6*d**2 - 3*d - 6. Let n(h) = -7*c(h) + 6*i(h). List the prime factors of n(-3).
2
Suppose 2*x - 12 = -0*t - 2*t, 2*x = -5*t + 15. Suppose x*y = 4*y + 50. List the prime factors of y.
2, 5
Let z(o) = 74*o**2 - 8*o + 9. List the prime factors of z(4).
3, 43
List the prime factors of 4/(-12) + (-51342)/(-18).
2, 23, 31
Suppose 10 = -4*v + 6*v. Let i be (v + 0)*(-100)/(-5). Suppose 5*a - 5*c - 75 = 2*a, 4*c = 4*a - i. List the prime factors of a.
5
Suppose -7*k - 520 = -8*k - 2*n, -3*k + 1560 = -4*n. Suppose -5*h + 4*j + 647 = 2*j, -j - k = -4*h. What are the prime factors of h?
131
Let u = -35 - -31. Let m(s) = -26*s + 11. List the prime factors of m(u).
5, 23
Suppose 3*r = 3, -2*r + 5*r - 31 = 4*p. List the prime factors of 1*p*2/(-2).
7
Suppose -15*j 